prime factors of 87 - 92 - -4*(1 - (-13397)/4)?
2, 17, 197
Suppose 0*n - 758 = 5*s + 3*n, 5*s - n = -774. Let g = 160 + s. What are the prime factors of (g/5 - 56/(-70)) + 114?
2, 29
What are the prime factors of ((-38120)/(-25))/(12/60)?
2, 953
Let i(p) = -p**3 - 4*p**2 + 5. Let f be i(-4). Suppose f*k - 220 = -4*x, k = -4*x - 0*x + 60. Let u = 47 + k. What are the prime factors of u?
3, 29
Suppose -55 = 3*d + 2*d. Let c = d + 28. Suppose 2*h - c = f, -2*h = h + 5*f - 6. List the prime factors of h.
7
Let r = 3375 - 5220. List the prime factors of (r/(-18))/(1/2).
5, 41
Suppose 12*k + 9*k - 18123 = 0. Let t = k - 336. List the prime factors of t.
17, 31
Let h(d) = -14*d + 5. Let w be h(-14). Let x = w - 92. List the prime factors of x.
109
Let l = 813 + -777. Suppose -20*q = -l*q + 16000. What are the prime factors of q?
2, 5
List the prime factors of 3504*(11 - 540/48)*-67.
2, 3, 67, 73
Let b(g) = g**3 - 3*g + 1. Let p = -129 + 132. Let l be b(p). Let j = 30 + l. What are the prime factors of j?
7
Suppose -s + 94 + 4 = 0. Suppose -b = b + s. Let y = b + 172. What are the prime factors of y?
3, 41
Let f(l) = -1312*l - 1642. List the prime factors of f(-7).
2, 3, 419
Suppose 0 = -127*o + 192668 + 207890. What are the prime factors of o?
2, 19, 83
Suppose 5*q - 5*u + 210 = 0, -4*q + u - 141 = 27. What are the prime factors of (-1549 - -1)/((q/(-4))/(-7))?
2, 3, 43
Suppose 0 = 3*p + 11 - 8. Let z(n) = -6*n - 2. Let y be z(p). Suppose -y = 2*x, -3*c + 103 = -x + 2*x. List the prime factors of c.
5, 7
Let l = 67355 + -38479. List the prime factors of l.
2, 7219
Let l = 2351 + -2323. What are the prime factors of l?
2, 7
Let g(j) = 513*j + 7. Let h be g(1). Suppose -x = -3*x + h. Let s = -152 + x. List the prime factors of s.
2, 3
Let g(n) be the third derivative of -65*n**4/4 - 29*n**3/3 - 193*n**2. What are the prime factors of g(-3)?
2, 139
Let f = 3 + -1. Let q(k) = -117*k - 234. Let p be q(-2). Suppose -3*l - 2*h + 475 = p, -h - f*h - 334 = -2*l. List the prime factors of l.
7, 23
Let s(y) = -36*y**2 + 2*y + 5. Let o be s(3). Let d = 325 - o. Suppose 0 = -0*z - 3*z + 4*i + d, 5 = 5*i. List the prime factors of z.
2, 107
Let n(i) = i**3 - i**2 - 16*i + 25. Let h(g) = 2*g**3 - 3*g**2 - 31*g + 49. Let j(d) = 6*h(d) - 11*n(d). What are the prime factors of j(8)?
3
Let n = -4240 - -25757. What are the prime factors of n?
21517
Let x(o) be the first derivative of -18*o**2 - 8*o + 8. Let b be x(-3). Let l = -64 + b. What are the prime factors of l?
2, 3
Let s(b) = b**3 - b**2 - b + 1. Let w(l) = 7*l**3 + 3*l**2 - 2*l + 21. Let p(n) = s(n) - w(n). What are the prime factors of p(-5)?
5
Let n = -106 + 54. List the prime factors of (n/(-13))/((-3)/(-1152)).
2, 3
Let y = -15 - -71. Let w = y + -54. Suppose w*f + 46 = 5*x - 534, -x + 124 = -2*f. List the prime factors of x.
2, 3, 19
Suppose 10 = 6*a + 4. Let z be (-1)/(3 + -4) + a. What are the prime factors of -6 + 7 + (-1 - (-80)/z)?
2, 5
Let t(s) = 81*s - 49. Let y be -2 + -1 + (-9 - -18). What are the prime factors of t(y)?
19, 23
Let r(c) = -c + 5. Let a be r(3). Let h be (0 - 0)/(12 + -5). Suppose a*g = -h*g + 3*b + 52, -5*b = -20. List the prime factors of g.
2
Let t = -590 + 595. Suppose 2*m + p = 1864, 23*m = 27*m - t*p - 3714. What are the prime factors of m?
7, 19
Suppose -i + 2 = -2*z - 127, 3*i = 2*z + 379. Suppose 125 = h + 5*l, -8*l + 10*l - i = -h. What are the prime factors of h?
5
Suppose -131*p - 32 = -129*p. List the prime factors of (2775/60)/((-2)/p).
2, 5, 37
Suppose 25*u - 23*u + 1071750 = 32*u. List the prime factors of u.
5, 1429
Let i = 1118 + -385. Suppose -25*p = -i - 2067. List the prime factors of p.
2, 7
Suppose -80843 = 773*d - 394681. What are the prime factors of d?
2, 7, 29
Suppose 8154 = -k + 6*k + k. List the prime factors of k.
3, 151
Let v = -4609 - -12018. List the prime factors of v.
31, 239
Let f(q) be the second derivative of -q**4/12 + 11*q**3/3 + 11*q**2 - 87*q. Let r be (-38)/(-2)*(-3)/(-3). List the prime factors of f(r).
79
Let f(t) = t**3 + 19*t**2 - 18*t + 58. Let p be f(-20). Let a(x) = -x**3 + 22*x**2 + 14*x - 45. What are the prime factors of a(p)?
3, 167
Let i be 0 + (-4)/(-8)*0. Suppose i = 4*k + 4, -55 = -2*r - 4*k - 3. Suppose g - r = 19. List the prime factors of g.
47
Suppose -5*k + 4*s - 2007 = -102, 3*k + 1130 = 5*s. Let b = -216 - k. What are the prime factors of b?
13
Suppose -41 = -3*u - k, -u - 2*k = u - 22. Suppose -u*w + 18*w - 927 = 0. What are the prime factors of w?
3, 103
Let n = 449 - 65. Let c be ((-7)/4)/((-8)/n). Suppose -2*p + p = -c. What are the prime factors of p?
2, 3, 7
Suppose -13*k + 13*n = -16*k + 42708, 3*n + 71106 = 5*k. List the prime factors of k.
3, 11, 431
Let p(m) = 22*m**2 + 14*m + 861. List the prime factors of p(-22).
23, 487
Let l = -52 + 56. Let v(w) = -12 + 14 + 10*w + 5 + w. What are the prime factors of v(l)?
3, 17
Suppose -4*p + 5*p = -277. Let c = p - -189. Let x = 57 - c. What are the prime factors of x?
5, 29
Suppose -13*a - 201 = -16*a. Let u = a + -76. Let d = u - -41. List the prime factors of d.
2
Let b = 241 + -245. What are the prime factors of (-36)/(-126) + ((-17884)/7)/b?
3, 71
Suppose 15*u + 220 = 11*u. List the prime factors of 4 - u - -2 - 2.
59
Suppose -103*v = -105*v + r - 467, -904 = 4*v + 4*r. Let u = v + 330. What are the prime factors of u?
3, 11
Let f(v) = 551*v + 4955. What are the prime factors of f(14)?
3, 41, 103
Let r(k) = 3*k**2 - 10*k + 9. Let a be r(4). List the prime factors of a/(850/(-20)) - (-1187)/5.
3, 79
Let i = 40 - 52. Let g(w) = -w**2 - 11*w + 13. Let m be g(i). List the prime factors of 49 + (1 - (0 - m)).
3, 17
Suppose 1624*j + 10 = 1619*j. List the prime factors of -15*11142/(-180) - j/4.
929
Suppose -6948 = -k + a - 669, -3*k - a + 18849 = 0. List the prime factors of k.
2, 3, 349
Let m = -315 - -484. Let b = m + -38. List the prime factors of b.
131
Let u(b) = 42*b**2 + 24*b - 7. Let t be u(3). Suppose -5*g = 5*a - 565, -9*a + 4*a - t = -4*g. What are the prime factors of g?
2, 7
Let s(c) = 1579*c - 491. What are the prime factors of s(3)?
2, 11, 193
Let i = -17 + 18. Let w(d) be the second derivative of 7*d**3 + 3*d**2/2 - 44*d. What are the prime factors of w(i)?
3, 5
Suppose -r = -5*p - 9711, 3*r - 4*p + 6687 = 35798. List the prime factors of r.
89, 109
Suppose 495*z = 493*z. Suppose z = -1948*v + 1951*v - 3327. List the prime factors of v.
1109
Suppose -5*i + 4*j + 5 = 9*j, -12 = -5*i + 2*j. Suppose 6*t = r + 4*t - 1681, i*r + 3*t - 3390 = 0. What are the prime factors of r?
3, 563
Let o = -490 + 1171. List the prime factors of -3 - (-2)/((-2718)/o - -4).
2, 7
Let k(p) = -p**3 - 16*p**2 + 12*p - 638. What are the prime factors of k(-23)?
2789
Suppose 11*l - 275037 = -25*l + 1619535. List the prime factors of l.
52627
Suppose -6*v + 36 = -0. Suppose 3*r + 59 = -4*p, 2*r + v = -p - 5. Let g = p - -21. List the prime factors of g.
2
Suppose 4 = 2*s - 8. Suppose 0 = 3*q + 3*y - 24 + s, 5*q + 10 = 5*y. List the prime factors of ((-16)/20)/(q/(-85)).
2, 17
Let d = 4 - 12. Let v = -83 + 45. Let j = d - v. What are the prime factors of j?
2, 3, 5
Let m(w) = 5*w**2 - 149*w - 13. Suppose 40*g - 11*g - 1044 = 0. List the prime factors of m(g).
1103
Suppose 26*a - 21*a - 126585 = 0. What are the prime factors of a?
3, 29, 97
Let g = -71 + 167. Suppose h - 361 + g = 0. What are the prime factors of h?
5, 53
Suppose -112 + 8 = f. Let g = f - -176. Suppose -10*a = -14*a + g. List the prime factors of a.
2, 3
Suppose -4*f + 5112 = -7*f. What are the prime factors of (-2)/5 + (f/(-10) - -5)?
5, 7
Suppose -3*v + 3*c = -12699, -2*v - 2*v - 5*c = -16977. What are the prime factors of v?
2, 13, 163
Suppose 5*u = 4*v - 86485 + 31715, 0 = -4*v + 4*u + 54772. What are the prime factors of v?
3, 5, 11, 83
Let n = -391 + 396. Suppose b = -n*j + 3813, 2*b = -j - 0*b + 768. List the prime factors of j.
2, 3, 127
Suppose 3*m = 7*m - 2372. Let h = m - 230. List the prime factors of h.
3, 11
Let s = 22263 - 10980. List the prime factors of s.
3, 3761
Let h be (-8 + (-273)/7)/((-3)/(-123)). Let b = 2710 + h. List the prime factors of b.
3, 29
Let m(u) = 114*u**2 - 76*u - 470. What are the prime factors of m(-6)?
2, 5, 409
Let l = -26 + 17. Let d be 10/(-35) + l/(-7) + 8. Let f(s) = 2